lculate the remainder when 20111 is divided by 27.
23
Calculate the remainder when 6798 is divided by 2264.
6
Calculate the remainder when 1657092 is divided by 83.
80
What is the remainder when 55851 is divided by 31?
20
What is the remainder when 3834 is divided by 53?
18
Calculate the remainder when 10050 is divided by 99.
51
What is the remainder when 17814 is divided by 81?
75
Calculate the remainder when 28683 is divided by 20.
3
Calculate the remainder when 20166 is divided by 6648.
222
Calculate the remainder when 1154 is divided by 71.
18
Calculate the remainder when 349986 is divided by 11.
10
What is the remainder when 6733 is divided by 120?
13
Calculate the remainder when 12995 is divided by 12768.
227
Calculate the remainder when 6476 is divided by 12.
8
Calculate the remainder when 14019 is divided by 122.
111
What is the remainder when 177604 is divided by 361?
353
What is the remainder when 4814 is divided by 947?
79
What is the remainder when 291793 is divided by 45?
13
Calculate the remainder when 18648 is divided by 113.
3
Calculate the remainder when 990 is divided by 43.
1
Calculate the remainder when 38062 is divided by 94.
86
Calculate the remainder when 2370 is divided by 85.
75
What is the remainder when 48183 is divided by 275?
58
Calculate the remainder when 731 is divided by 591.
140
What is the remainder when 18076 is divided by 131?
129
What is the remainder when 1451 is divided by 371?
338
What is the remainder when 13547 is divided by 13490?
57
What is the remainder when 10050 is divided by 505?
455
Calculate the remainder when 676779 is divided by 887.
885
What is the remainder when 15077 is divided by 3768?
5
Calculate the remainder when 84417 is divided by 105.
102
What is the remainder when 58718 is divided by 2?
0
Calculate the remainder when 357712 is divided by 74.
70
Calculate the remainder when 1763866 is divided by 73494.
10
What is the remainder when 5718 is divided by 2847?
24
Calculate the remainder when 110249 is divided by 90.
89
Calculate the remainder when 44592 is divided by 29.
19
What is the remainder when 4022 is divided by 106?
100
Calculate the remainder when 144172 is divided by 135.
127
What is the remainder when 77862 is divided by 18?
12
What is the remainder when 7143 is divided by 666?
483
Calculate the remainder when 10879 is divided by 5384.
111
Calculate the remainder when 15992 is divided by 93.
89
What is the remainder when 83165 is divided by 20789?
9
What is the remainder when 44370 is divided by 3412?
14
What is the remainder when 12691 is divided by 6275?
141
Calculate the remainder when 23001 is divided by 76.
49
Calculate the remainder when 581922 is divided by 193966.
24
Calculate the remainder when 57433 is divided by 41.
33
Calculate the remainder when 9335 is divided by 24.
23
What is the remainder when 35418 is divided by 805?
803
What is the remainder when 6505 is divided by 2165?
10
Calculate the remainder when 164731 is divided by 54910.
1
Calculate the remainder when 29730 is divided by 257.
175
Calculate the remainder when 15240 is divided by 77.
71
What is the remainder when 69283 is divided by 218?
177
What is the remainder when 793 is divided by 147?
58
What is the remainder when 6144 is divided by 974?
300
Calculate the remainder when 128672 is divided by 18380.
12
Calculate the remainder when 94057 is divided by 31346.
19
Calculate the remainder when 116068 is divided by 10.
8
Calculate the remainder when 22801 is divided by 3797.
19
What is the remainder when 2416 is divided by 11?
7
What is the remainder when 5343 is divided by 163?
127
Calculate the remainder when 9281 is divided by 647.
223
Calculate the remainder when 23994 is divided by 5.
4
Calculate the remainder when 8471 is divided by 8386.
85
What is the remainder when 453 is divided by 44?
13
What is the remainder when 8250 is divided by 519?
465
What is the remainder when 10319 is divided by 176?
111
Calculate the remainder when 7204 is divided by 79.
15
What is the remainder when 5656 is divided by 43?
23
Calculate the remainder when 17760 is divided by 2220.
0
What is the remainder when 27081 is divided by 11?
10
What is the remainder when 257546 is divided by 29?
26
Calculate the remainder when 120220 is divided by 707.
30
Calculate the remainder when 44459 is divided by 583.
151
What is the remainder when 8067 is divided by 546?
423
Calculate the remainder when 21790 is divided by 3997.
1805
Calculate the remainder when 1031 is divided by 268.
227
What is the remainder when 548031 is divided by 19572?
15
Calculate the remainder when 933 is divided by 859.
74
Calculate the remainder when 27514 is divided by 86.
80
What is the remainder when 38 is divided by 4?
2
What is the remainder when 96596 is divided by 6035?
36
What is the remainder when 2749 is divided by 625?
249
What is the remainder when 197417 is divided by 1128?
17
What is the remainder when 12629 is divided by 96?
53
What is the remainder when 77663 is divided by 25880?
23
What is the remainder when 5113 is divided by 2252?
609
What is the remainder when 32479 is divided by 1405?
164
Calculate the remainder when 4767 is divided by 112.
63
Calculate the remainder when 145248 is divided by 13204.
4
Calculate the remainder when 37675 is divided by 72.
19
What is the remainder when 12206 is divided by 955?
746
What is the remainder when 8597486 is divided by 30?
26
Calculate the remainder when 8948 is divided by 562.
518
What is the remainder when 10950 is divided by 2724?
54
What is the remainder when 114755 is divided by 5463?
32
What is the remainder when 20262 is divided by 640?
422
Calculate the remainder when 499 is divided by 135.
94
Calculate the remainder when 16493 is divided by 204.
173
Calculate the remainder when 39956 is divided by 634.
14
Calculate the remainder when 88501 is divided by 530.
521
What is the remainder when 27303 is divided by 174?
159
What is the remainder when 1758 is divided by 576?
30
What is the remainder when 1203411 is divided by 78?
27
What is the remainder when 78642 is divided by 93?
57
Calculate the remainder when 38069 is divided by 101.
93
What is the remainder when 1727 is divided by 284?
23
What is the remainder when 13230 is divided by 1889?
7
What is the remainder when 1193 is divided by 59?
13
What is the remainder when 1059571 is divided by 20?
11
Calculate the remainder when 2610 is divided by 548.
418
What is the remainder when 857822 is divided by 352?
350
What is the remainder when 146391 is divided by 29?
28
Calculate the remainder when 60525 is divided by 1729.
10
Calculate the remainder when 19858 is divided by 22.
14
What is the remainder when 5819 is divided by 569?
129
Calculate the remainder when 31676 is divided by 10515.
131
What is the remainder when 10995 is divided by 357?
285
What is the remainder when 3030 is divided by 1799?
1231
What is the remainder when 2652 is divided by 380?
372
Calculate the remainder when 80591 is divided by 1835.
1686
Calculate the remainder when 124241 is divided by 318.
221
Calculate the remainder when 50942 is divided by 12728.
30
Calculate the remainder when 11194 is divided by 2172.
334
Calculate the remainder when 20444 is divided by 34.
10
Calculate the remainder when 46101 is divided by 46095.
6
What is the remainder when 28680 is divided by 210?
120
What is the remainder when 1095412 is divided by 79?
77
What is the remainder when 13091 is divided by 409?
3
What is the remainder when 4785 is divided by 556?
337
Calculate the remainder when 3343 is divided by 1533.
277
Calculate the remainder when 96156 is divided by 250.
156
What is the remainder when 20189 is divided by 484?
345
Calculate the remainder when 34079 is divided by 1997.
130
Calculate the remainder when 10874 is divided by 1123.
767
What is the remainder when 12105 is divided by 756?
9
Calculate the remainder when 31778 is divided by 10.
8
What is the remainder when 21746 is divided by 24?
2
Calculate the remainder when 944 is divided by 155.
14
What is the remainder when 6398 is divided by 743?
454
Calculate the remainder when 1012703 is divided by 16.
15
What is the remainder when 3860 is divided by 428?
8
What is the remainder when 162900 is divided by 14808?
12